{"id":368,"date":"2022-01-01T12:55:19","date_gmt":"2022-01-01T15:55:19","guid":{"rendered":"https:\/\/ptvv.praxis.pro.br\/?page_id=368"},"modified":"2022-02-27T11:51:17","modified_gmt":"2022-02-27T14:51:17","slug":"enquete","status":"publish","type":"page","link":"https:\/\/pt.praxis.pro.br\/index.php\/enquete\/","title":{"rendered":"Enquete"},"content":{"rendered":"<div id=\"polls-9\" class=\"wp-polls\">\n\t<form id=\"polls_form_9\" class=\"wp-polls-form\" action=\"\/index.php\" method=\"post\">\n\t\t<p style=\"display: none;\"><input type=\"hidden\" id=\"poll_9_nonce\" name=\"wp-polls-nonce\" value=\"6e0715caa1\" \/><\/p>\n\t\t<p style=\"display: none;\"><input type=\"hidden\" name=\"poll_id\" value=\"9\" \/><\/p>\n\t\t<p style=\"text-align: center;color: red;font-size: 16pt\"><strong>Voc\u00ea se considera um militante<\/strong><\/p><div id=\"polls-9-ans\" class=\"wp-polls-ans\"><ul class=\"wp-polls-ul\">\n\t\t<li><input type=\"radio\" id=\"poll-answer-31\" name=\"poll_9\" value=\"31\" \/> <label for=\"poll-answer-31\">De redes sociais<\/label><\/li>\n\t\t<li><input type=\"radio\" id=\"poll-answer-32\" name=\"poll_9\" value=\"32\" \/> <label for=\"poll-answer-32\">De rua<\/label><\/li>\n\t\t<li><input type=\"radio\" id=\"poll-answer-33\" name=\"poll_9\" value=\"33\" \/> <label for=\"poll-answer-33\">De rua e de redes sociais<\/label><\/li>\n\t\t<li><input type=\"radio\" id=\"poll-answer-34\" name=\"poll_9\" value=\"34\" \/> <label for=\"poll-answer-34\">Ainda n\u00e3o sei como militar<\/label><\/li>\n\t\t<li><input type=\"radio\" id=\"poll-answer-35\" name=\"poll_9\" value=\"35\" \/> <label for=\"poll-answer-35\">Gosto apenas de acompanhar<\/label><\/li>\n\t\t<\/ul><p style=\"text-align: center\"><input type=\"button\" name=\"vote\" value=\"   Voto   \" class=\"Buttons\" onclick=\"poll_vote(9);\" \/><\/p><p style=\"text-align: center\"><a href=\"#ViewPollResults\" onclick=\"poll_result(9); return false;\" title=\"Veja resultados desta pesquisa\">Ver resultados<\/a><\/p><\/div>\n\t<\/form>\n<\/div>\n<div id=\"polls-9-loading\" class=\"wp-polls-loading\"><img loading=\"lazy\" decoding=\"async\" src=\"https:\/\/pt.praxis.pro.br\/wp-content\/plugins\/wp-polls\/images\/loading.gif\" width=\"16\" height=\"16\" alt=\"Carregando ...\" title=\"Carregando ...\" class=\"wp-polls-image\" \/>&nbsp;Carregando ...<\/div>\n\n<p><img loading=\"lazy\" decoding=\"async\" class=\"alignnone size-full wp-image-1007\" src=\"https:\/\/ptvv.praxis.pro.br\/wp-content\/uploads\/2022\/02\/enquete_grafico.png\" alt=\"\" width=\"259\" height=\"258\" srcset=\"https:\/\/pt.praxis.pro.br\/wp-content\/uploads\/2022\/02\/enquete_grafico.png 259w, https:\/\/pt.praxis.pro.br\/wp-content\/uploads\/2022\/02\/enquete_grafico-150x150.png 150w, https:\/\/pt.praxis.pro.br\/wp-content\/uploads\/2022\/02\/enquete_grafico-200x200.png 200w, https:\/\/pt.praxis.pro.br\/wp-content\/uploads\/2022\/02\/enquete_grafico-100x100.png 100w, https:\/\/pt.praxis.pro.br\/wp-content\/uploads\/2022\/02\/enquete_grafico-40x40.png 40w\" sizes=\"auto, (max-width: 259px) 100vw, 259px\" \/><\/p>\n<p>Participe das nossas enquetes. Sua opini\u00e3o \u00e9 muito importante para n\u00f3s!<\/p>\n","protected":false},"excerpt":{"rendered":"<p> <a class=\"more-link\" href=\"https:\/\/pt.praxis.pro.br\/index.php\/enquete\/\">Leia mais&#8230; &raquo;<\/a><\/p>\n","protected":false},"author":1,"featured_media":1007,"parent":0,"menu_order":0,"comment_status":"closed","ping_status":"closed","template":"","meta":{"footnotes":""},"class_list":["post-368","page","type-page","status-publish","has-post-thumbnail","hentry"],"_links":{"self":[{"href":"https:\/\/pt.praxis.pro.br\/index.php\/wp-json\/wp\/v2\/pages\/368","targetHints":{"allow":["GET"]}}],"collection":[{"href":"https:\/\/pt.praxis.pro.br\/index.php\/wp-json\/wp\/v2\/pages"}],"about":[{"href":"https:\/\/pt.praxis.pro.br\/index.php\/wp-json\/wp\/v2\/types\/page"}],"author":[{"embeddable":true,"href":"https:\/\/pt.praxis.pro.br\/index.php\/wp-json\/wp\/v2\/users\/1"}],"replies":[{"embeddable":true,"href":"https:\/\/pt.praxis.pro.br\/index.php\/wp-json\/wp\/v2\/comments?post=368"}],"version-history":[{"count":14,"href":"https:\/\/pt.praxis.pro.br\/index.php\/wp-json\/wp\/v2\/pages\/368\/revisions"}],"predecessor-version":[{"id":1009,"href":"https:\/\/pt.praxis.pro.br\/index.php\/wp-json\/wp\/v2\/pages\/368\/revisions\/1009"}],"wp:featuredmedia":[{"embeddable":true,"href":"https:\/\/pt.praxis.pro.br\/index.php\/wp-json\/wp\/v2\/media\/1007"}],"wp:attachment":[{"href":"https:\/\/pt.praxis.pro.br\/index.php\/wp-json\/wp\/v2\/media?parent=368"}],"curies":[{"name":"wp","href":"https:\/\/api.w.org\/{rel}","templated":true}]}}