{"id":1078,"date":"2022-03-03T23:34:55","date_gmt":"2022-03-04T02:34:55","guid":{"rendered":"https:\/\/ptvv.praxis.pro.br\/?page_id=1078"},"modified":"2022-08-04T16:25:45","modified_gmt":"2022-08-04T19:25:45","slug":"projeto-alternativo-para-o-espirito-santo-partido-dos-trabalhadores-pt-es","status":"publish","type":"page","link":"https:\/\/pt.praxis.pro.br\/index.php\/projeto-alternativo-para-o-espirito-santo-partido-dos-trabalhadores-pt-es\/","title":{"rendered":"Projeto do PT-ES para o Esp\u00edrito Santo"},"content":{"rendered":"<p><img loading=\"lazy\" decoding=\"async\" class=\"wp-image-1080 alignleft\" src=\"https:\/\/ptvv.praxis.pro.br\/wp-content\/uploads\/2022\/03\/reconstruindo-1-190x300.png\" alt=\"\" width=\"103\" height=\"163\" srcset=\"https:\/\/pt.praxis.pro.br\/wp-content\/uploads\/2022\/03\/reconstruindo-1-190x300.png 190w, https:\/\/pt.praxis.pro.br\/wp-content\/uploads\/2022\/03\/reconstruindo-1.png 227w\" sizes=\"auto, (max-width: 103px) 100vw, 103px\" \/>Em fevereiro de 2022 o Partido dos Trabalhadores e das Trabalhadoras completou 42 anos de lutas junto com o povo brasileiro. No Esp\u00edrito Santo nossa hist\u00f3ria come\u00e7ou com a organiza\u00e7\u00e3o dos trabalhadores e trabalhadoras vinculados principalmente aos servi\u00e7os p\u00fablicos e aos grandes projetos industriais implantados no Estado entre os anos 1970-80 <a href=\"https:\/\/pt.praxis.pro.br\/index.php\/projeto-do-pt-es-para-o-espirito-santo-pagina-completa\/\">(Leia mais&#8230;)<\/a><\/p>\n<hr \/>\n<p style=\"text-align: center;\"><span style=\"font-size: 14pt;\"><strong>** <a href=\"https:\/\/app.praxis.pro.br\/ptes\/\">ENVIE AQUI SUAS SUGEST\u00d5ES<\/a> ***<\/strong><\/span><\/p>\n<hr \/>\n<p><span style=\"font-size: 14pt;\"><strong>Leia o texto base de:<\/strong><\/span><\/p>\n<ul>\n<li><a href=\"https:\/\/pt.praxis.pro.br\/wp-content\/uploads\/2022\/08\/TESE-DA-CHAPA-ENFRENTANDO-O-RACISMO-NO-PT-pdf.pdf\">Combate ao racismo<\/a><\/li>\n<li><a href=\"https:\/\/pt.praxis.pro.br\/wp-content\/uploads\/2022\/06\/Setorial-cultura.pdf\">Cultura<\/a><\/li>\n<li><a href=\"https:\/\/pt.praxis.pro.br\/wp-content\/uploads\/2022\/06\/DIREITOS-HUMANOS.pdf\">Direitos Humanos<\/a><\/li>\n<li><a href=\"https:\/\/pt.praxis.pro.br\/wp-content\/uploads\/2022\/06\/PROPOSTAS-DO-SETORIAL-ECONOMIA-SOLIDARIA-PARA-O-PROG-DO-GOV-ESTADUAL-PT-ES_2022.pdf\">Economia Solid\u00e1ria<\/a><\/li>\n<li><a href=\"https:\/\/pt.praxis.pro.br\/wp-content\/uploads\/2022\/06\/EDUCACAO.pdf\">Educa\u00e7\u00e3o<\/a><\/li>\n<\/ul>\n<p><span style=\"font-size: 12pt;\">OBS: os demais textos ser\u00e3o disponibilizados t\u00e3o logo as secretarias e setoriais enviem o material para publica\u00e7\u00e3o.\u00a0<\/span><\/p>\n<hr \/>\n<p>&nbsp;<\/p>\n","protected":false},"excerpt":{"rendered":"<p> <a class=\"more-link\" href=\"https:\/\/pt.praxis.pro.br\/index.php\/projeto-alternativo-para-o-espirito-santo-partido-dos-trabalhadores-pt-es\/\">Leia mais&#8230; &raquo;<\/a><\/p>\n","protected":false},"author":1,"featured_media":1788,"parent":0,"menu_order":0,"comment_status":"closed","ping_status":"closed","template":"","meta":{"footnotes":""},"class_list":["post-1078","page","type-page","status-publish","has-post-thumbnail","hentry"],"_links":{"self":[{"href":"https:\/\/pt.praxis.pro.br\/index.php\/wp-json\/wp\/v2\/pages\/1078","targetHints":{"allow":["GET"]}}],"collection":[{"href":"https:\/\/pt.praxis.pro.br\/index.php\/wp-json\/wp\/v2\/pages"}],"about":[{"href":"https:\/\/pt.praxis.pro.br\/index.php\/wp-json\/wp\/v2\/types\/page"}],"author":[{"embeddable":true,"href":"https:\/\/pt.praxis.pro.br\/index.php\/wp-json\/wp\/v2\/users\/1"}],"replies":[{"embeddable":true,"href":"https:\/\/pt.praxis.pro.br\/index.php\/wp-json\/wp\/v2\/comments?post=1078"}],"version-history":[{"count":25,"href":"https:\/\/pt.praxis.pro.br\/index.php\/wp-json\/wp\/v2\/pages\/1078\/revisions"}],"predecessor-version":[{"id":1993,"href":"https:\/\/pt.praxis.pro.br\/index.php\/wp-json\/wp\/v2\/pages\/1078\/revisions\/1993"}],"wp:featuredmedia":[{"embeddable":true,"href":"https:\/\/pt.praxis.pro.br\/index.php\/wp-json\/wp\/v2\/media\/1788"}],"wp:attachment":[{"href":"https:\/\/pt.praxis.pro.br\/index.php\/wp-json\/wp\/v2\/media?parent=1078"}],"curies":[{"name":"wp","href":"https:\/\/api.w.org\/{rel}","templated":true}]}}